 3*n + 17, n = -0*p - 2*p + c. What is the tens digit of p?
1
Let n(g) be the first derivative of -2*g**2 + 39*g - 17*g - 49*g - 1. What is the units digit of n(-9)?
9
Let a = -7 - -8. Let q = a - -61. What is the tens digit of q?
6
Suppose -4 = -5*w + 21. Let u(l) = -l**2 + 7*l - 7. Let i be u(w). What is the units digit of (-1590)/10*(-1)/i?
3
Suppose 0 = 5*i - 2*n + 90, 5*i + 53 = -n - 37. What is the units digit of (i/(-5))/(2/10)?
8
Suppose 4*p = 8*p - 24. Suppose -p*c + 2*c = -420. Let h = c - 60. What is the units digit of h?
5
Let b be 0 + (-4)/(16/(-60)). Let o = 15 + b. What is the tens digit of o?
3
Suppose 6*k - 24 - 24 = 0. Let p = 17 + k. What is the units digit of p?
5
Let q = 484 - -1375. What is the units digit of q?
9
Let u(z) = z**3 - 10*z**2 + 2*z + 11. Let m be u(10). Let o = m + -29. Suppose 0*c - o*c = 2, 4*c + 24 = p. What is the tens digit of p?
2
Suppose 2*o - 1398 = -o + 3*d, 3*o - 5*d = 1398. Let t be 1/(-3) - o/(-3). Suppose -4*y - y + t = 0. What is the units digit of y?
1
Suppose 0 = -4*g + 4 - 0. Let r be 109 - (2/g - -2). Suppose -2*u + r = u. What is the tens digit of u?
3
Suppose q - 21 = 5*u, 0 = q + 5*u + 12 - 3. Suppose 0 = 2*k - 22 + q. What is the units digit of k?
8
Let j(b) = 5*b - 4. Let h be j(-7). What is the units digit of 342/4*(-26)/h?
7
Let n(t) = 6*t**3 + 21*t - 27. What is the thousands digit of n(8)?
3
Let g(w) = w**3 - 6*w**2 - 8*w + 9. Let k be g(7). Let b be k - -63 - 0/2. Suppose -b = -i - 3*i - 3*r, -4*i + 100 = -4*r. What is the tens digit of i?
2
Let j be (2/(-6))/((-1)/(-30)). What is the units digit of -5*(j/35 + 32/(-35))?
6
Let r(m) = m**2 - 16. Let x(b) = -b**3 - 2*b**2 + 4*b + 3. Let h be x(-2). Let k be r(h). What is the units digit of -6 + k - (-42)/1?
5
Let b(k) = 1514*k - 32. What is the tens digit of b(1)?
8
Let a(k) = 2*k**2 - 9*k + 6. Let f be (-1)/3 + 285/45. What is the units digit of a(f)?
4
What is the tens digit of (105 - (3 + -1))/(5/40)?
2
What is the units digit of (15618/285)/(2/25)?
5
Let h(q) = -2*q**2 + 2*q + 27. Suppose 0*c - 2*l = 4*c + 20, -2*l - 12 = 2*c. Let w be -1*0/(c - -2). What is the tens digit of h(w)?
2
Let o be (-3)/(-2) + (-21)/(-6). Let z = o + -2. Suppose 0 = -6*t + z*t + 54. What is the tens digit of t?
1
Let o(m) be the third derivative of m**6/360 + 35*m**4/12 - 2*m**3/3 + 8*m**2. Let l(h) be the first derivative of o(h). What is the tens digit of l(0)?
7
Let u = 6 + 0. Suppose 148 = u*s - 2*s. Suppose 3*y = s + 20. What is the tens digit of y?
1
Let x = 2820 + -1828. Suppose -x = -2*n - 6*n. What is the hundreds digit of n?
1
Suppose -338 = -2*a + 3*n + n, 0 = 2*a + 2*n - 314. What is the units digit of a?
1
Let j(o) = 2*o - 2. Let s be j(14). Suppose -23 = -5*l + y, 5*l - 5 - s = -3*y. Suppose -104 = -3*v - l. What is the units digit of v?
3
Let c(n) = -n**3 + 16*n**2 - 4*n + 14. What is the units digit of c(7)?
7
Suppose 5*j - 471 = 2*w, 4*j = -4*w + 103 + 285. Suppose -5*y - n + j = 0, -3 = 3*y - 2*n - 73. Suppose 5*t - y - 155 = 0. What is the units digit of t?
5
Let t = 525 - 369. What is the units digit of t?
6
Let x = -636 - -1070. What is the tens digit of x?
3
Suppose -u + 354 = -5. What is the units digit of u?
9
Let i(b) = 23*b - 22. Let u(n) = -7*n - 49. Let l be u(-8). What is the tens digit of i(l)?
3
Let z be 4/6 + 1758/9. Suppose g + 183 = 4*p - 13, 5*g = 4*p - z. What is the units digit of p?
9
Let b = 139 + 17. Let r = -75 + b. What is the tens digit of r?
8
Let a(u) be the second derivative of -u**5/20 + 5*u**4/4 + 11*u**3/6 + 4*u**2 - 25*u. What is the hundreds digit of a(15)?
1
Suppose 9 = -3*u - 3*r + 75, -3*u + 64 = r. What is the units digit of 36/u + (-12)/(-42)?
2
Suppose 2*c + 55 = -3*b, -4*c = 5*b + 58 + 37. Let v be ((-72)/b)/((-9)/(-60)). What is the units digit of (-9)/(-24) + 1428/v?
5
Let n = 22 - 17. Let w(g) = 8*g + n + 3 - 1 - 6 + g**2. What is the tens digit of w(-10)?
2
Suppose -v = f - 1, -f - 5*v = 9 - 2. Suppose -j = f*h + 4*j - 126, -3*h + 108 = -j. What is the tens digit of h?
3
Let w(a) = a**2 + 41. Let m = 14 + -14. Let f be w(m). Suppose 40 = q - 4*p, -5*p + f = 4*q - 35. What is the tens digit of q?
2
Let p(n) = n**2 + n - 3. Let z be ((-3)/9)/((-1)/9). Let k be p(z). Let b(u) = -u**2 + 9*u + 3. What is the units digit of b(k)?
3
Suppose 0 = 12*u - 11*u - 12. Let w be -5*(-2 + -2 + 1). Suppose 9*c + w = u*c. What is the units digit of c?
5
Let b(z) be the first derivative of 2/3*z**3 - 1 + 1/4*z**4 - 2*z**2 + z. What is the units digit of b(-3)?
4
Suppose 0 = r + z + 2 + 2, r + 5*z + 12 = 0. Let f = 5 + r. What is the tens digit of (6/f)/((-2)/(-14))?
1
Let l(y) = -20*y + 5. Let m be l(-5). Suppose 2*p - 9*p = -m. What is the units digit of p?
5
Suppose -34*k = -29*k - 1505. What is the hundreds digit of k?
3
Suppose p - 18 = 12. Suppose 4*v - 6*v + p = 0. Suppose -3 = -2*k + v. What is the units digit of k?
9
Suppose 2*a = 3*a + 4*f - 353, -f + 4 = 0. What is the tens digit of a?
3
Let w be ((-6)/(-5))/(3/(-10)) + 84. Let g = w + -10. What is the tens digit of g?
7
Let f = 55 - -1025. Suppose -3*c - c = -f. What is the units digit of c?
0
Suppose -p + 246 = 5*l, p - 230 = -l + 4*l. Let r = p + -116. What is the units digit of r?
0
Suppose -5*x - 9 = 4*o, o - 2*x - 2 + 1 = 0. Let d(h) = -5*h. Let f be d(o). Suppose 72 = f*y - y. What is the units digit of y?
8
Let n(o) = o**2 - 20*o + 22. Let d be n(19). Suppose -d*t + z = -289, -20 = -3*z + 8*z. What is the tens digit of t?
9
Let j(q) = -5*q + 3 - 4*q - 13*q + 5. What is the tens digit of j(-3)?
7
Let m be (1 + -2)*(-2 - -21)*4. Let t = m + 140. What is the units digit of t?
4
Let m be ((-2)/(-3))/((-12)/108). Let x(q) = -3*q + 20. What is the tens digit of x(m)?
3
Let b(o) = -5*o**2 - 4*o - 12*o - 8 + 2*o - 3*o. Let z(n) = n**2 + n - 1. Let r(w) = b(w) + 4*z(w). What is the tens digit of r(-8)?
2
Let p(v) = v - 18. Let k be p(14). Let d be 6 - (0/k + 3). What is the units digit of ((-3)/9)/((-1)/d)?
1
Let d = 13 - 16. Let f be 4 + 7 + d - 4. Suppose 17 + 35 = f*s. What is the units digit of s?
3
Suppose 3*m + 3 = -3. Let n(t) = 5*t**3 + 3*t + 5. Let b be n(m). Let j = 63 + b. What is the units digit of j?
2
Suppose 27 + 3 = -3*v. Let p = 12 + v. Suppose -3*j + 22 = -j - p*z, -3*j + 5*z = -43. What is the units digit of j?
6
What is the tens digit of ((-5208)/294)/(10/14 - 1)?
6
Let z(r) = 3*r + 3. Let p be z(6). Let u = p + -3. What is the tens digit of (-128)/(-13) + u/117?
1
Let u(s) = -s**3 + 4*s**2 + s - 4. Let d be u(4). Let g be -17 + (-1)/2*d. Let l = 20 + g. What is the units digit of l?
3
Suppose 39*u - 310 - 236 = 0. Let q be 1*-1*1 + -8. Let x = q + u. What is the units digit of x?
5
Let z = 512 - 446. What is the units digit of z?
6
Suppose -40*p = -69*p + 35206. What is the units digit of p?
4
Suppose -5*b - 5*y = 490, -5*b - 332 = y + 166. Let v = 289 + b. What is the units digit of v?
9
Let f be (3/(-2))/((-2)/4). Let j(s) = -s**3 - 4*s**2 - 5*s - 3. Let w be j(-3). What is the units digit of w/f + (1 - -2)?
4
Suppose 5*o + 14656 = 225*b - 222*b, -2*b - 3*o = -9739. What is the tens digit of b?
7
Let a = 1 - -9. Let p be (-2)/14 + (-522)/(-126). Suppose -h - 4*m + 35 = p*h, -2*m = -a. What is the units digit of h?
3
Let l be 28/(-6)*(-6)/14. Let b be (-113)/(-3) + (-1)/(-3). Suppose -l*c = -48 - b. What is the tens digit of c?
4
Let b be -1 + (-25)/(-15)*3. Let x(r) = 14*r - 20. What is the tens digit of x(b)?
3
Let n(u) = -u**2 + 6*u - 2. Let t be n(6). Let a be (-1)/(t*2/8). Suppose 0 = c - 3*m - 27, -16 = a*c + m - 42. What is the tens digit of c?
1
Let c be ((-39)/9)/(1/(-6)). Let b = c + -3. What is the units digit of b?
3
Suppose -14*r = -969 - 1439. What is the units digit of r?
2
Let k = -694 - -1184. What is the tens digit of k?
9
Suppose 4*n - 16914 = -3*j, -87*j - 22542 = -91*j - 2*n. What is the hundreds digit of j?
6
What is the hundreds digit of ((-392)/294)/((-1)/(-984)*-2)?
6
Suppose 407 = 5*q + 2*g, 5*g - 327 = -4*q + 2*g. Let r = -19 + 7. Let m = q + r. What is the units digit of m?
9
What is the units digit of 11/2*(9 - (-12 + -109))?
5
Suppose 4 = 2*x - 6. Suppose 0*m = -x*m + 80. What is the tens digit of m?
1
Let j(f) = -752*f + 1222. What is the units digit of j(-6)?
4
Let c(s) = s**2 - 14*s - 48. Wh